{"id":6,"date":"2016-09-17T17:25:09","date_gmt":"2016-09-17T15:25:09","guid":{"rendered":"http:\/\/argos-lr.com\/?page_id=6"},"modified":"2018-01-23T15:17:56","modified_gmt":"2018-01-23T14:17:56","slug":"argos-lr-demenageur-demenagement-visa-chine-visa-inde-visa-vietnam-visa-russie-croisiere-safari-afrique-garde-meubles","status":"publish","type":"page","link":"https:\/\/argos-lr.com\/","title":{"rendered":"Argos LR"},"content":{"rendered":"<h2>Pr\u00e9sentation d\u2019Argos LR<\/h2>\n<p>&nbsp;<\/p>\n<p>Les chutes dans les escaliers sont un des accidents d<img loading=\"lazy\" class=\"alignnone size-medium wp-image-13 alignright\" src=\"https:\/\/argos-lr.com\/wp-content\/uploads\/2016\/09\/13-1.jpeg-300x154.jpg\" alt=\"13-1.jpeg\" width=\"300\" height=\"154\" srcset=\"https:\/\/argos-lr.com\/wp-content\/uploads\/2016\/09\/13-1.jpeg-300x154.jpg 300w, https:\/\/argos-lr.com\/wp-content\/uploads\/2016\/09\/13-1.jpeg.jpg 314w\" sizes=\"(max-width: 300px) 100vw, 300px\" \/>omestiques les plus courants au monde. Ils peuvent entra\u00eener des blessures graves voire mortelles. Ces d\u00e9rapages atteignent tout aussi bien les plus jeunes comme les plus vieux. Et c\u2019est uniquement dans le but de les \u00e9viter qu\u2019existe Argos LR, ce sont des gammes de nez de marche destin\u00e9s \u00e0 \u00eatre pos\u00e9s sur les escaliers. Ce sont des profil\u00e9s en aluminium avec des surfaces antid\u00e9rapantes dot\u00e9es d\u2019inserts en r\u00e9sine min\u00e9rale. Argos LR permet non seulement de s\u00e9curiser votre domicile, mais aussi de l\u2019embellir, ils sont disponibles sous diff\u00e9rents mod\u00e8les pour permettre ainsi le choix entre diverses couleurs et motifs.<\/p>\n<h2>Informations g\u00e9n\u00e9rales sur le d\u00e9m\u00e9nagement :<\/h2>\n<p>&nbsp;<\/p>\n<p>Trouver un bon d\u00e9m\u00e9nageur <a href=\"http:\/\/demenageur.com\">demenageur.com<\/a>\u00a0est devenu une chose ais\u00e9e depuis la vulgarisation d\u2019internet. Effectivement, cette invention a rendu la recherche de divers services simple et rapide, dont les services de d\u00e9m\u00e9nagement <a href=\"http:\/\/demenageur.com\/demenagement\/\">demenageur.com\/demenagement\/<\/a>. Il suffit de faire quelques recherches en saisissant les bons mots-cl\u00e9s et on peut trouver rapidement ce qu\u2019on veut. Par exemple, il suffit de taper avec le nom de votre ville pour v\u00e9rifier s\u2019il y a un chef-lieu dans votre ville. De m\u00eame, obtenir un devis d\u00e9m\u00e9nagement <a href=\"http:\/\/demenageur.com\/devis-demenagement\/\">demenageur.com\/devis-demenagement\/<\/a>\u00a0est devenu tr\u00e8s facile gr\u00e2ce \u00e0 internet. Ils sont maintenant accessibles en tout temps et gratuitement. Il en est de m\u00eame pour la recherche de garde meubles\u00a0ou espace de stockage en tout genre.<\/p>\n<p>Demenagement Paris : <a href=\"http:\/\/demenageur.com\/demenagement-paris-75\/\">demenageur.com\/demenagement-paris-75\/<\/a><\/p>\n<p>&nbsp;<\/p>\n<h2>Informations g\u00e9n\u00e9rales sur l\u2019assurance vie<\/h2>\n<p>&nbsp;<\/p>\n<p>La sant\u00e9 est un bien pr\u00e9cieux qu\u2019il faut ch\u00e9rir et pr\u00e9server. En effet, c\u2019est elle qui permet \u00e0 une personne d\u2019effectuer correctement son travail et donc de gagner sa vie. Et c\u2019est uniquement dans le but de permettre \u00e0 tout le monde de pr\u00e9server sa sant\u00e9 qu\u2019existent les assurance vie <a href=\"http:\/\/lassurancevie.fr\">lassurancevie.fr<\/a>\u00a0et les mutuelles. Ces organismes conservent en quelque sorte une partie de l\u2019argent gagn\u00e9 par leur signataire et mettent ces ressources de c\u00f4t\u00e9 pour pr\u00e9server les jours sombres. Que ce soit pour des petits soins, des soins avanc\u00e9 \u00e0 case d\u2019accidents de travail et dans le pire des cas un remboursement pay\u00e9 \u00e0 la famille apr\u00e8s la mort.<\/p>\n<p>&nbsp;<\/p>\n<h2>Informations g\u00e9n\u00e9rales sur les visas pour l\u2019\u00e9tranger :<\/h2>\n<p>&nbsp;<\/p>\n<p>Visiter un pays \u00e9tranger n\u00e9cessite en g\u00e9n\u00e9ral un visa dans les cas o\u00f9 la visite est d\u2019une dur\u00e9e consid\u00e9rable et surtout si la visite a un but particulier. Obtenir un visa pour l\u2019\u00e9tranger est une chose assez ais\u00e9e pour les personnes qui n\u2019ont pas commis de d\u00e9lits ou d\u2019infractions graves. Le visa chine <a href=\"http:\/\/visachine.fr\">visachine.fr<\/a>\u00a0par exemple, il ne n\u00e9cessite que quelques informations, mais il reste restreint et n\u2019autorise pas n\u2019importe quelle transaction. Il est n\u00e9cessaire de suivre certains protocoles pour obtenir et maintenir son visa, un visa Russie\u00a0peut \u00eatre obtenu facilement tout comme il peut facilement se perdre. Par contre, un visa Inde est facile \u00e0 obtenir et \u00e0 pr\u00e9server ou \u00e0 renouveler. Il en est de m\u00eame pour un visa Vietnam<\/p>\n<p>&nbsp;<\/p>\n<h2>Informations g\u00e9n\u00e9rales sur les croisi\u00e8res<\/h2>\n<p>&nbsp;<\/p>\n<p>Pour qu\u2019une croisi\u00e8re\u00a0soit agr\u00e9able, il faut faire attention \u00e0 certains crit\u00e8res. D\u2019abord, il faut bien choisir le bateau sur lequel naviguer : il faut qu\u2019il soit assez grand (cela lui conf\u00e9rera de la stabilit\u00e9) et qu\u2019il dispose de diff\u00e9rents moyens de distraction. Ensuite, il faut bien choisir les personnes qui voyageront avec vous. Elles doivent \u00eatre agr\u00e9ables et ne doivent pas avoir beaucoup trop d\u2019exigences, mais surtout il faut que vous vous sentiez bien en leur compagnie. Enfin ; le plus important est de bien choisir son p\u00e9riple, c\u2019est-\u00e0-dire qu\u2019il faut faire tr\u00e8s attention au moment de choisir les escales. Elles doivent proposer diverses activit\u00e9s et disposer de plats succulents.<\/p>\n<p class=\"p1\">\u00a0Retrouver de l&rsquo;info sur ce site pour lequel tous les efforts de r\u00e9daction ont \u00e9t\u00e9 faits :\u00a0<a href=\"https:\/\/ledabelle.com\/\">https:\/\/ledabelle.com\/<\/a><\/p>\n","protected":false},"excerpt":{"rendered":"<p>Pr\u00e9sentation d\u2019Argos LR &nbsp; Les chutes dans les escaliers sont un des accidents domestiques les plus courants au monde. Ils peuvent entra\u00eener des blessures graves voire mortelles. Ces d\u00e9rapages atteignent tout aussi bien les plus jeunes comme les plus vieux. Et c\u2019est uniquement dans le but de les \u00e9viter qu\u2019existe Argos LR, ce sont des [&hellip;]<\/p>\n","protected":false},"author":1,"featured_media":0,"parent":0,"menu_order":0,"comment_status":"closed","ping_status":"closed","template":"","meta":[],"_links":{"self":[{"href":"https:\/\/argos-lr.com\/index.php\/wp-json\/wp\/v2\/pages\/6"}],"collection":[{"href":"https:\/\/argos-lr.com\/index.php\/wp-json\/wp\/v2\/pages"}],"about":[{"href":"https:\/\/argos-lr.com\/index.php\/wp-json\/wp\/v2\/types\/page"}],"author":[{"embeddable":true,"href":"https:\/\/argos-lr.com\/index.php\/wp-json\/wp\/v2\/users\/1"}],"replies":[{"embeddable":true,"href":"https:\/\/argos-lr.com\/index.php\/wp-json\/wp\/v2\/comments?post=6"}],"version-history":[{"count":7,"href":"https:\/\/argos-lr.com\/index.php\/wp-json\/wp\/v2\/pages\/6\/revisions"}],"predecessor-version":[{"id":19,"href":"https:\/\/argos-lr.com\/index.php\/wp-json\/wp\/v2\/pages\/6\/revisions\/19"}],"wp:attachment":[{"href":"https:\/\/argos-lr.com\/index.php\/wp-json\/wp\/v2\/media?parent=6"}],"curies":[{"name":"wp","href":"https:\/\/api.w.org\/{rel}","templated":true}]}}